 is divided by 392?
24
Calculate the remainder when 2632 is divided by 119.
14
What is the remainder when 684001 is divided by 30?
1
What is the remainder when 31428 is divided by 1102?
572
What is the remainder when 1870 is divided by 47?
37
What is the remainder when 260733 is divided by 168?
165
What is the remainder when 1926 is divided by 446?
142
Calculate the remainder when 24281 is divided by 142.
141
What is the remainder when 19860 is divided by 129?
123
What is the remainder when 720 is divided by 394?
326
What is the remainder when 140869 is divided by 1878?
19
Calculate the remainder when 111586 is divided by 155.
141
Calculate the remainder when 6481 is divided by 56.
41
What is the remainder when 1161 is divided by 451?
259
What is the remainder when 42747 is divided by 225?
222
Calculate the remainder when 2990 is divided by 4.
2
What is the remainder when 6586 is divided by 740?
666
Calculate the remainder when 116063 is divided by 234.
233
What is the remainder when 31603 is divided by 2689?
2024
What is the remainder when 100370 is divided by 91?
88
Calculate the remainder when 52675 is divided by 1816.
11
What is the remainder when 439667 is divided by 386?
13
Calculate the remainder when 5569 is divided by 327.
10
What is the remainder when 283372 is divided by 30?
22
What is the remainder when 9341 is divided by 27?
26
Calculate the remainder when 3675 is divided by 2235.
1440
Calculate the remainder when 2506 is divided by 238.
126
What is the remainder when 14198 is divided by 844?
694
What is the remainder when 34044 is divided by 17022?
0
What is the remainder when 8006 is divided by 623?
530
What is the remainder when 19830 is divided by 65?
5
Calculate the remainder when 3118 is divided by 445.
3
Calculate the remainder when 10645 is divided by 31.
12
What is the remainder when 143000 is divided by 130?
0
What is the remainder when 8896 is divided by 114?
4
What is the remainder when 160963 is divided by 925?
13
What is the remainder when 8851 is divided by 1434?
247
Calculate the remainder when 3207 is divided by 796.
23
Calculate the remainder when 471775 is divided by 184.
183
What is the remainder when 7545 is divided by 120?
105
Calculate the remainder when 3553 is divided by 82.
27
What is the remainder when 606488 is divided by 37905?
8
What is the remainder when 40095 is divided by 19992?
111
Calculate the remainder when 97359 is divided by 32449.
12
Calculate the remainder when 99870 is divided by 37.
7
What is the remainder when 106597 is divided by 3807?
1
Calculate the remainder when 8510 is divided by 273.
47
Calculate the remainder when 1708 is divided by 1619.
89
What is the remainder when 1417 is divided by 216?
121
Calculate the remainder when 1262329 is divided by 11581.
0
Calculate the remainder when 83675 is divided by 157.
151
What is the remainder when 51185 is divided by 19?
18
What is the remainder when 19850 is divided by 484?
6
Calculate the remainder when 82480 is divided by 22.
2
Calculate the remainder when 60251 is divided by 242.
235
Calculate the remainder when 2729 is divided by 979.
771
What is the remainder when 509826 is divided by 398?
386
What is the remainder when 4298 is divided by 937?
550
What is the remainder when 109419 is divided by 7815?
9
What is the remainder when 31319 is divided by 2608?
23
What is the remainder when 21495 is divided by 142?
53
Calculate the remainder when 251747 is divided by 444.
443
What is the remainder when 36542 is divided by 1107?
11
What is the remainder when 18604 is divided by 1439?
1336
Calculate the remainder when 5507 is divided by 688.
3
What is the remainder when 1023 is divided by 41?
39
What is the remainder when 2639 is divided by 806?
221
Calculate the remainder when 206448 is divided by 12903.
0
What is the remainder when 36722 is divided by 583?
576
What is the remainder when 8742 is divided by 792?
30
Calculate the remainder when 1724 is divided by 1442.
282
Calculate the remainder when 10467 is divided by 525.
492
Calculate the remainder when 27919 is divided by 21.
10
What is the remainder when 6264 is divided by 696?
0
What is the remainder when 43342 is divided by 308?
222
What is the remainder when 9003 is divided by 2222?
115
What is the remainder when 24877 is divided by 12137?
603
Calculate the remainder when 6203 is divided by 281.
21
What is the remainder when 31578 is divided by 15772?
34
What is the remainder when 47568 is divided by 101?
98
Calculate the remainder when 4429 is divided by 718.
121
Calculate the remainder when 716 is divided by 53.
27
Calculate the remainder when 995 is divided by 495.
5
What is the remainder when 5265028 is divided by 15?
13
Calculate the remainder when 20529 is divided by 20435.
94
Calculate the remainder when 404403 is divided by 87.
27
What is the remainder when 4735 is divided by 73?
63
Calculate the remainder when 330002 is divided by 211.
209
What is the remainder when 9033 is divided by 891?
123
What is the remainder when 181623 is divided by 146?
145
What is the remainder when 4025 is divided by 91?
21
Calculate the remainder when 34561 is divided by 5.
1
What is the remainder when 7629 is divided by 64?
13
What is the remainder when 24470 is divided by 817?
777
What is the remainder when 23481 is divided by 99?
18
Calculate the remainder when 12759 is divided by 665.
124
What is the remainder when 262397 is divided by 65594?
21
What is the remainder when 935 is divided by 426?
83
What is the remainder when 17700 is divided by 573?
510
Calculate the remainder when 2797 is divided by 908.
73
Calculate the remainder when 18880 is divided by 858.
4
What is the remainder when 54147 is divided by 50?
47
What is the remainder when 19892 is divided by 93?
83
Calculate the remainder when 143948 is divided by 39.
38
Calculate the remainder when 21817 is divided by 228.
157
What is the remainder when 73495 is divided by 190?
155
Calculate the remainder when 485 is divided by 23.
2
Calculate the remainder when 2237 is divided by 14.
11
Calculate the remainder when 10158 is divided by 2539.
2
What is the remainder when 14152 is divided by 7019?
114
Calculate the remainder when 873 is divided by 700.
173
Calculate the remainder when 124297 is divided by 462.
19
What is the remainder when 4777 is divided by 2?
1
Calculate the remainder when 1331257 is divided by 831.
826
Calculate the remainder when 54145 is divided by 2707.
5
Calculate the remainder when 2421 is divided by 770.
111
What is the remainder when 8097 is divided by 848?
465
What is the remainder when 85849 is divided by 1910?
1809
Calculate the remainder when 1006546 is divided by 9.
4
What is the remainder when 165809 is divided by 21?
14
What is the remainder when 22765 is divided by 20?
5
Calculate the remainder when 260745 is divided by 855.
825
Calculate the remainder when 440 is divided by 46.
26
What is the remainder when 2536 is divided by 1257?
22
What is the remainder when 116 is divided by 11?
6
What is the remainder when 64700 is divided by 17?
15
What is the remainder when 213186 is divided by 86?
78
Calculate the remainder when 10123 is divided by 32.
11
What is the remainder when 1331 is divided by 474?
383
Calculate the remainder when 10742 is divided by 63.
32
Calculate the remainder when 205597 is divided by 40.
37
Calculate the remainder when 24505 is divided by 38.
33
Calculate the remainder when 460 is divided by 3.
1
Calculate the remainder when 547217 is divided by 1073.
1060
Calculate the remainder when 6899 is divided by 3358.
183
Calculate the remainder when 12279 is divided by 37.
32
Calculate the remainder when 3222 is divided by 61.
50
Calculate the remainder when 9991 is divided by 298.
157
Calculate the remainder when 410 is divided by 150.
110
Calculate the remainder when 6848 is divided by 2197.
257
Calculate the remainder when 1760583 is divided by 197.
191
Calculate the remainder when 2667 is divided by 862.
81
What is the remainder when 86540 is divided by 152?
52
What is the remainder when 18829 is divided by 11?
8
Calculate the remainder when 4040 is divided by 1940.
160
Calculate the remainder when 40006 is divided by 833.
22
What is the remainder when 1037 is divided by 418?
201
Cal